{"id":642,"date":"2013-11-15T19:56:54","date_gmt":"2013-11-15T18:56:54","guid":{"rendered":"http:\/\/ricordi.respublic.com\/?page_id=642"},"modified":"2013-12-18T16:28:03","modified_gmt":"2013-12-18T15:28:03","slug":"avvertenza","status":"publish","type":"page","link":"https:\/\/ricordi.respublic.com\/?page_id=642","title":{"rendered":"Avvertenza"},"content":{"rendered":"<p><a href=\"http:\/\/creativecommons.org\/licenses\/by-nc-sa\/3.0\/it\/\" rel=\"license\"><img decoding=\"async\" style=\"border-width: 0;\" alt=\"Licenza Creative Commons\" src=\"http:\/\/i.creativecommons.org\/l\/by-nc-sa\/3.0\/it\/88x31.png\" \/><\/a><br \/>\nQuest&#8217;opera \u00e8 distribuita con Licenza <a href=\"http:\/\/creativecommons.org\/licenses\/by-nc-sa\/3.0\/it\/\" rel=\"license\">Creative Commons Attribuzione &#8211; Non commerciale &#8211; Condividi allo stesso modo 3.0 Italia<\/a>.<\/p>\n<p>Questo vuol dire che potete utilizzare il materiale visibile su questo sito ma non per scopi commerciali: leggete la pagina della licenza &#8220;Creative Commons&#8230;&#8221; per chiarimenti<\/p>\n<p>Se lo usate, per favore, <em><span style=\"text-decoration: underline;\">avvertitemi inserendo un commento al fondo di questa pagina o della pagina che volete citare<\/span><\/em> seguendo le modalit\u00e0 indicate: verr\u00f2 avvisato con una e-mail e vi risponder\u00f2.<\/p>\n<p>In sostanza siete liberi<\/p>\n<ul>\n<li class=\"license share\">di riprodurre, distribuire, comunicare al pubblico, esporre in pubblico, rappresentare, eseguire e recitare quest&#8217;opera<\/li>\n<li class=\"license remix\">di modificare quest&#8217;opera<\/li>\n<\/ul>\n<p>Deve essere per\u00f2 chiara l&#8217;attribuzione del lavoro, cioe&#8217; chi l&#8217;ha generato e l&#8217;ha costruito, sotto forme, che dipendono dalle modalit\u00e0 del vostro utilizzo, che verranno comunicate rispondendo al vostro commento lasciato in precedenza. Deve comunque essere citata la pagina web che indirizza la\/e pagina\/e che utilizzate nel vostro sito o nel vostro documento.<\/p>\n<p>Ricordate<\/p>\n<span id=\"tablepress-2-description\" class=\"tablepress-table-description tablepress-table-description-id-2\">Creative Commons 3.0 per l'uso di queste pagine<\/span>\n\n<table id=\"tablepress-2\" class=\"tablepress tablepress-id-2\" aria-describedby=\"tablepress-2-description\">\n<tbody>\n<tr class=\"row-1\">\n\t<td class=\"column-1\"><figure style=\"width: 150px\" class=\"wp-caption alignnone\"><a href=\"http:\/\/creativecommons.org\/images\/deed\/by.png\"><img loading=\"lazy\" decoding=\"async\" alt=\"Attribuzione\" src=\"http:\/\/creativecommons.org\/images\/deed\/by.png\" width=\"50\" height=\"50\" \/><\/a><figcaption class=\"wp-caption-text\">Attribuzione<\/figcaption><\/figure><\/td><td class=\"column-2\"><figure style=\"width: 150px\" class=\"wp-caption alignnone\"><a href=\"http:\/\/creativecommons.org\/images\/deed\/nc-eu.png\"><img loading=\"lazy\" decoding=\"async\" alt=\"Non commerciale\" src=\"http:\/\/creativecommons.org\/images\/deed\/nc-eu.png\" width=\"50\" height=\"50\" \/><\/a><figcaption class=\"wp-caption-text\">Non commerciale<\/figcaption><\/figure><\/td><td class=\"column-3\"><figure style=\"width: 150px\" class=\"wp-caption alignnone\"><a href=\"http:\/\/creativecommons.org\/images\/deed\/sa.png\"><img loading=\"lazy\" decoding=\"async\" alt=\"Condividi allo stesso modo\" src=\"http:\/\/creativecommons.org\/images\/deed\/sa.png\" width=\"50\" height=\"50\" \/><\/a><figcaption class=\"wp-caption-text\">Condividi allo stesso modo<\/figcaption><\/figure><\/td>\n<\/tr>\n<\/tbody>\n<\/table>\n<!-- #tablepress-2 from cache -->\n<ol class=\"ajs-fn\">\n<\/ol>\n<h3>Related Images:<\/h3>","protected":false},"excerpt":{"rendered":"<p>Quest&#8217;opera \u00e8 distribuita con Licenza Creative Commons Attribuzione &#8211; Non commerciale &#8211; Condividi allo stesso modo 3.0 Italia. Questo vuol dire che potete utilizzare il materiale visibile su questo sito ma non per scopi commerciali: leggete la pagina della licenza &#8220;Creative Commons&#8230;&#8221; per chiarimenti Se lo usate, per favore, avvertitemi inserendo un commento al fondo &hellip; <\/p>\n<p class=\"link-more\"><a href=\"https:\/\/ricordi.respublic.com\/?page_id=642\" class=\"more-link\">Continue reading<span class=\"screen-reader-text\"> &#8220;Avvertenza&#8221;<\/span><\/a><\/p>\n","protected":false},"author":1,"featured_media":0,"parent":0,"menu_order":0,"comment_status":"open","ping_status":"open","template":"","meta":{"ngg_post_thumbnail":0,"footnotes":""},"class_list":["post-642","page","type-page","status-publish","hentry"],"_links":{"self":[{"href":"https:\/\/ricordi.respublic.com\/index.php?rest_route=\/wp\/v2\/pages\/642","targetHints":{"allow":["GET"]}}],"collection":[{"href":"https:\/\/ricordi.respublic.com\/index.php?rest_route=\/wp\/v2\/pages"}],"about":[{"href":"https:\/\/ricordi.respublic.com\/index.php?rest_route=\/wp\/v2\/types\/page"}],"author":[{"embeddable":true,"href":"https:\/\/ricordi.respublic.com\/index.php?rest_route=\/wp\/v2\/users\/1"}],"replies":[{"embeddable":true,"href":"https:\/\/ricordi.respublic.com\/index.php?rest_route=%2Fwp%2Fv2%2Fcomments&post=642"}],"version-history":[{"count":12,"href":"https:\/\/ricordi.respublic.com\/index.php?rest_route=\/wp\/v2\/pages\/642\/revisions"}],"predecessor-version":[{"id":993,"href":"https:\/\/ricordi.respublic.com\/index.php?rest_route=\/wp\/v2\/pages\/642\/revisions\/993"}],"wp:attachment":[{"href":"https:\/\/ricordi.respublic.com\/index.php?rest_route=%2Fwp%2Fv2%2Fmedia&parent=642"}],"curies":[{"name":"wp","href":"https:\/\/api.w.org\/{rel}","templated":true}]}}